{"id":1360,"date":"2025-02-17T17:40:13","date_gmt":"2025-02-17T16:40:13","guid":{"rendered":"https:\/\/lasislascolumbretes.com\/nl\/las-islas-columbretes-2-2\/"},"modified":"2025-02-17T17:40:13","modified_gmt":"2025-02-17T16:40:13","slug":"las-islas-columbretes-2-2","status":"publish","type":"page","link":"https:\/\/lasislascolumbretes.com\/nl\/las-islas-columbretes-2-2\/","title":{"rendered":"Las Islas"},"content":{"rendered":"\n<div class=\\\"wp-block-uagb-container uagb-block-kowwzdo7 alignfull uagb-is-root-container\\\"><div class=\\\"uagb-container-inner-blocks-wrap\\\">\n<div class=\\\"wp-block-uagb-image alignleft uagb-block-gr6ti8lw wp-block-uagb-image--layout-default wp-block-uagb-image--effect-static wp-block-uagb-image--align-left\\\"><figure class=\\\"wp-block-uagb-image__figure\\\"><img srcset=\\\"https:\/\/lasislascolumbretes.com\/en\/wp-content\/uploads\/sites\/7\/2025\/02\/DSC01293-1024x527.jpg ,https:\/\/lasislascolumbretes.com\/en\/wp-content\/uploads\/sites\/7\/2025\/02\/DSC01293-scaled.jpg 780w, https:\/\/lasislascolumbretes.com\/en\/wp-content\/uploads\/sites\/7\/2025\/02\/DSC01293-scaled.jpg 360w\\\" sizes=\\\"(max-width: 480px) 150px\\\" src=\\\"https:\/\/lasislascolumbretes.com\/nl\/en\/wp-content\/uploads\/sites\/7\/2025\/02\/DSC01293-1024x527.jpg\\\" alt=\\\"\\\" class=\\\"uag-image-1346\\\" width=\\\"564\\\" height=\\\"450\\\" title=\\\"DSC01293\\\" loading=\\\"lazy\\\" role=\\\"img\\\"\/><\/figure><\/div>\n\n\n\n<div class=\\\"wp-block-uagb-info-box uagb-block-zv2kfhzx uagb-infobox__content-wrap  uagb-infobox-icon-above-title uagb-infobox-image-valign-top\\\"><div class=\\\"uagb-ifb-content\\\"><div class=\\\"uagb-ifb-title-wrap\\\"><h2 class=\\\"uagb-ifb-title\\\"><strong>Volcanes en el Mediterr\u00e1neo occidental<\/strong><\/h2><\/div><p class=\\\"uagb-ifb-desc\\\">El archipi\u00e9lago de las Islas Columbretes se encuentra en el Mediterr\u00e1neo occidental, a solo cincuenta kil\u00f3metros del puerto de Castell\u00f3n, en la provincia hom\u00f3nima de la Comunidad Valenciana. Est\u00e1 compuesto por 24 islotes, divididos en cuatro grupos, cada uno de los cuales recibe el nombre de su islote principal. De norte a sur, estos son: Columbrete Grande (L\\&#8217;Illa Grossa en valenciano), Perrera (Ferrera), Horadada (Foradada) y El Bergant\u00edn (El Carallot). La superficie emergida del archipi\u00e9lago abarca 19 hect\u00e1reas.<\/p><\/div><\/div>\n<\/div><\/div>\n","protected":false},"excerpt":{"rendered":"","protected":false},"author":3,"featured_media":0,"parent":0,"menu_order":0,"comment_status":"closed","ping_status":"closed","template":"","meta":{"_crdt_document":"","_uag_custom_page_level_css":"","site-sidebar-layout":"default","site-content-layout":"","ast-site-content-layout":"default","site-content-style":"default","site-sidebar-style":"default","ast-global-header-display":"","ast-banner-title-visibility":"","ast-main-header-display":"","ast-hfb-above-header-display":"","ast-hfb-below-header-display":"","ast-hfb-mobile-header-display":"","site-post-title":"","ast-breadcrumbs-content":"","ast-featured-img":"","footer-sml-layout":"","ast-disable-related-posts":"","theme-transparent-header-meta":"","adv-header-id-meta":"","stick-header-meta":"","header-above-stick-meta":"","header-main-stick-meta":"","header-below-stick-meta":"","astra-migrate-meta-layouts":"set","ast-page-background-enabled":"default","ast-page-background-meta":{"desktop":{"background-color":"","background-image":"","background-repeat":"repeat","background-position":"center center","background-size":"auto","background-attachment":"scroll","background-type":"","background-media":"","overlay-type":"","overlay-color":"","overlay-opacity":"","overlay-gradient":""},"tablet":{"background-color":"","background-image":"","background-repeat":"repeat","background-position":"center center","background-size":"auto","background-attachment":"scroll","background-type":"","background-media":"","overlay-type":"","overlay-color":"","overlay-opacity":"","overlay-gradient":""},"mobile":{"background-color":"","background-image":"","background-repeat":"repeat","background-position":"center center","background-size":"auto","background-attachment":"scroll","background-type":"","background-media":"","overlay-type":"","overlay-color":"","overlay-opacity":"","overlay-gradient":""}},"ast-content-background-meta":{"desktop":{"background-color":"var(--ast-global-color-5)","background-image":"","background-repeat":"repeat","background-position":"center center","background-size":"auto","background-attachment":"scroll","background-type":"","background-media":"","overlay-type":"","overlay-color":"","overlay-opacity":"","overlay-gradient":""},"tablet":{"background-color":"var(--ast-global-color-5)","background-image":"","background-repeat":"repeat","background-position":"center center","background-size":"auto","background-attachment":"scroll","background-type":"","background-media":"","overlay-type":"","overlay-color":"","overlay-opacity":"","overlay-gradient":""},"mobile":{"background-color":"var(--ast-global-color-5)","background-image":"","background-repeat":"repeat","background-position":"center center","background-size":"auto","background-attachment":"scroll","background-type":"","background-media":"","overlay-type":"","overlay-color":"","overlay-opacity":"","overlay-gradient":""}},"footnotes":""},"class_list":["post-1360","page","type-page","status-publish","hentry"],"featured_image_urls_v2":{"full":"","thumbnail":"","medium":"","medium_large":"","large":"","1536x1536":"","2048x2048":"","ab-block-post-grid-landscape":"","ab-block-post-grid-square":""},"post_excerpt_stackable_v2":"<p>Volcanes en el Mediterr\u00e1neo occidentalEl archipi\u00e9lago de las Islas Columbretes se encuentra en el Mediterr\u00e1neo occidental, a solo cincuenta kil\u00f3metros del puerto de Castell\u00f3n, en la provincia hom\u00f3nima de la Comunidad Valenciana. Est\u00e1 compuesto por 24 islotes, divididos en cuatro grupos, cada uno de los cuales recibe el nombre de su islote principal. De norte a sur, estos son: Columbrete Grande (L\\&#8217;Illa Grossa en valenciano), Perrera (Ferrera), Horadada (Foradada) y El Bergant\u00edn (El Carallot). La superficie emergida del archipi\u00e9lago abarca 19 hect\u00e1reas.<\/p>\n","category_list_v2":"","author_info_v2":{"name":"admin","url":"https:\/\/lasislascolumbretes.com\/nl\/author\/admin\/"},"comments_num_v2":"0 reacties","yoast_head":"<!-- This site is optimized with the Yoast SEO plugin v27.5 - https:\/\/yoast.com\/product\/yoast-seo-wordpress\/ -->\n<title>Las Islas - Las Islas Columbretes<\/title>\n<meta name=\"description\" content=\"El archipi\u00e9lago de las Islas Columbretes se encuentra en el Mediterr\u00e1neo occidental, a solo cincuenta kil\u00f3metros del puerto de Castell\u00f3n\" \/>\n<meta name=\"robots\" content=\"index, follow, max-snippet:-1, max-image-preview:large, max-video-preview:-1\" \/>\n<link rel=\"canonical\" href=\"https:\/\/lasislascolumbretes.com\/nl\/las-islas-columbretes-2-2\/\" \/>\n<meta property=\"og:locale\" content=\"nl_NL\" \/>\n<meta property=\"og:type\" content=\"article\" \/>\n<meta property=\"og:title\" content=\"Las Islas - Las Islas Columbretes\" \/>\n<meta property=\"og:description\" content=\"El archipi\u00e9lago de las Islas Columbretes se encuentra en el Mediterr\u00e1neo occidental, a solo cincuenta kil\u00f3metros del puerto de Castell\u00f3n\" \/>\n<meta property=\"og:url\" content=\"https:\/\/lasislascolumbretes.com\/nl\/las-islas-columbretes-2-2\/\" \/>\n<meta property=\"og:site_name\" content=\"Las Islas Columbretes\" \/>\n<meta name=\"twitter:card\" content=\"summary_large_image\" \/>\n<meta name=\"twitter:label1\" content=\"Geschatte leestijd\" \/>\n\t<meta name=\"twitter:data1\" content=\"1 minuut\" \/>\n<script type=\"application\/ld+json\" class=\"yoast-schema-graph\">{\"@context\":\"https:\\\/\\\/schema.org\",\"@graph\":[{\"@type\":\"WebPage\",\"@id\":\"https:\\\/\\\/lasislascolumbretes.com\\\/nl\\\/las-islas-columbretes-2-2\\\/\",\"url\":\"https:\\\/\\\/lasislascolumbretes.com\\\/nl\\\/las-islas-columbretes-2-2\\\/\",\"name\":\"Las Islas - Las Islas Columbretes\",\"isPartOf\":{\"@id\":\"https:\\\/\\\/lasislascolumbretes.com\\\/nl\\\/#website\"},\"datePublished\":\"2025-02-17T16:40:13+00:00\",\"description\":\"El archipi\u00e9lago de las Islas Columbretes se encuentra en el Mediterr\u00e1neo occidental, a solo cincuenta kil\u00f3metros del puerto de Castell\u00f3n\",\"breadcrumb\":{\"@id\":\"https:\\\/\\\/lasislascolumbretes.com\\\/nl\\\/las-islas-columbretes-2-2\\\/#breadcrumb\"},\"inLanguage\":\"nl-NL\",\"potentialAction\":[{\"@type\":\"ReadAction\",\"target\":[\"https:\\\/\\\/lasislascolumbretes.com\\\/nl\\\/las-islas-columbretes-2-2\\\/\"]}]},{\"@type\":\"BreadcrumbList\",\"@id\":\"https:\\\/\\\/lasislascolumbretes.com\\\/nl\\\/las-islas-columbretes-2-2\\\/#breadcrumb\",\"itemListElement\":[{\"@type\":\"ListItem\",\"position\":1,\"name\":\"Home\",\"item\":\"https:\\\/\\\/lasislascolumbretes.com\\\/nl\\\/\"},{\"@type\":\"ListItem\",\"position\":2,\"name\":\"Las Islas\"}]},{\"@type\":\"WebSite\",\"@id\":\"https:\\\/\\\/lasislascolumbretes.com\\\/nl\\\/#website\",\"url\":\"https:\\\/\\\/lasislascolumbretes.com\\\/nl\\\/\",\"name\":\"Las Islas Columbretes\",\"description\":\"Valencia\",\"publisher\":{\"@id\":\"https:\\\/\\\/lasislascolumbretes.com\\\/nl\\\/#organization\"},\"potentialAction\":[{\"@type\":\"SearchAction\",\"target\":{\"@type\":\"EntryPoint\",\"urlTemplate\":\"https:\\\/\\\/lasislascolumbretes.com\\\/nl\\\/?s={search_term_string}\"},\"query-input\":{\"@type\":\"PropertyValueSpecification\",\"valueRequired\":true,\"valueName\":\"search_term_string\"}}],\"inLanguage\":\"nl-NL\"},{\"@type\":\"Organization\",\"@id\":\"https:\\\/\\\/lasislascolumbretes.com\\\/nl\\\/#organization\",\"name\":\"Las Islas Columbretes\",\"url\":\"https:\\\/\\\/lasislascolumbretes.com\\\/nl\\\/\",\"logo\":{\"@type\":\"ImageObject\",\"inLanguage\":\"nl-NL\",\"@id\":\"https:\\\/\\\/lasislascolumbretes.com\\\/nl\\\/#\\\/schema\\\/logo\\\/image\\\/\",\"url\":\"https:\\\/\\\/lasislascolumbretes.com\\\/nl\\\/wp-content\\\/uploads\\\/sites\\\/6\\\/2025\\\/02\\\/cropped-logo-IC-def-1.png\",\"contentUrl\":\"https:\\\/\\\/lasislascolumbretes.com\\\/nl\\\/wp-content\\\/uploads\\\/sites\\\/6\\\/2025\\\/02\\\/cropped-logo-IC-def-1.png\",\"width\":181,\"height\":159,\"caption\":\"Las Islas Columbretes\"},\"image\":{\"@id\":\"https:\\\/\\\/lasislascolumbretes.com\\\/nl\\\/#\\\/schema\\\/logo\\\/image\\\/\"}}]}<\/script>\n<!-- \/ Yoast SEO plugin. -->","yoast_head_json":{"title":"Las Islas - Las Islas Columbretes","description":"El archipi\u00e9lago de las Islas Columbretes se encuentra en el Mediterr\u00e1neo occidental, a solo cincuenta kil\u00f3metros del puerto de Castell\u00f3n","robots":{"index":"index","follow":"follow","max-snippet":"max-snippet:-1","max-image-preview":"max-image-preview:large","max-video-preview":"max-video-preview:-1"},"canonical":"https:\/\/lasislascolumbretes.com\/nl\/las-islas-columbretes-2-2\/","og_locale":"nl_NL","og_type":"article","og_title":"Las Islas - Las Islas Columbretes","og_description":"El archipi\u00e9lago de las Islas Columbretes se encuentra en el Mediterr\u00e1neo occidental, a solo cincuenta kil\u00f3metros del puerto de Castell\u00f3n","og_url":"https:\/\/lasislascolumbretes.com\/nl\/las-islas-columbretes-2-2\/","og_site_name":"Las Islas Columbretes","twitter_card":"summary_large_image","twitter_misc":{"Geschatte leestijd":"1 minuut"},"schema":{"@context":"https:\/\/schema.org","@graph":[{"@type":"WebPage","@id":"https:\/\/lasislascolumbretes.com\/nl\/las-islas-columbretes-2-2\/","url":"https:\/\/lasislascolumbretes.com\/nl\/las-islas-columbretes-2-2\/","name":"Las Islas - Las Islas Columbretes","isPartOf":{"@id":"https:\/\/lasislascolumbretes.com\/nl\/#website"},"datePublished":"2025-02-17T16:40:13+00:00","description":"El archipi\u00e9lago de las Islas Columbretes se encuentra en el Mediterr\u00e1neo occidental, a solo cincuenta kil\u00f3metros del puerto de Castell\u00f3n","breadcrumb":{"@id":"https:\/\/lasislascolumbretes.com\/nl\/las-islas-columbretes-2-2\/#breadcrumb"},"inLanguage":"nl-NL","potentialAction":[{"@type":"ReadAction","target":["https:\/\/lasislascolumbretes.com\/nl\/las-islas-columbretes-2-2\/"]}]},{"@type":"BreadcrumbList","@id":"https:\/\/lasislascolumbretes.com\/nl\/las-islas-columbretes-2-2\/#breadcrumb","itemListElement":[{"@type":"ListItem","position":1,"name":"Home","item":"https:\/\/lasislascolumbretes.com\/nl\/"},{"@type":"ListItem","position":2,"name":"Las Islas"}]},{"@type":"WebSite","@id":"https:\/\/lasislascolumbretes.com\/nl\/#website","url":"https:\/\/lasislascolumbretes.com\/nl\/","name":"Las Islas Columbretes","description":"Valencia","publisher":{"@id":"https:\/\/lasislascolumbretes.com\/nl\/#organization"},"potentialAction":[{"@type":"SearchAction","target":{"@type":"EntryPoint","urlTemplate":"https:\/\/lasislascolumbretes.com\/nl\/?s={search_term_string}"},"query-input":{"@type":"PropertyValueSpecification","valueRequired":true,"valueName":"search_term_string"}}],"inLanguage":"nl-NL"},{"@type":"Organization","@id":"https:\/\/lasislascolumbretes.com\/nl\/#organization","name":"Las Islas Columbretes","url":"https:\/\/lasislascolumbretes.com\/nl\/","logo":{"@type":"ImageObject","inLanguage":"nl-NL","@id":"https:\/\/lasislascolumbretes.com\/nl\/#\/schema\/logo\/image\/","url":"https:\/\/lasislascolumbretes.com\/nl\/wp-content\/uploads\/sites\/6\/2025\/02\/cropped-logo-IC-def-1.png","contentUrl":"https:\/\/lasislascolumbretes.com\/nl\/wp-content\/uploads\/sites\/6\/2025\/02\/cropped-logo-IC-def-1.png","width":181,"height":159,"caption":"Las Islas Columbretes"},"image":{"@id":"https:\/\/lasislascolumbretes.com\/nl\/#\/schema\/logo\/image\/"}}]}},"featured_image_src":null,"featured_image_src_square":null,"uagb_featured_image_src":{"full":false,"thumbnail":false,"medium":false,"medium_large":false,"large":false,"1536x1536":false,"2048x2048":false,"ab-block-post-grid-landscape":false,"ab-block-post-grid-square":false},"uagb_author_info":{"display_name":"admin","author_link":"https:\/\/lasislascolumbretes.com\/nl\/author\/admin\/"},"uagb_comment_info":0,"uagb_excerpt":null,"_links":{"self":[{"href":"https:\/\/lasislascolumbretes.com\/nl\/wp-json\/wp\/v2\/pages\/1360","targetHints":{"allow":["GET"]}}],"collection":[{"href":"https:\/\/lasislascolumbretes.com\/nl\/wp-json\/wp\/v2\/pages"}],"about":[{"href":"https:\/\/lasislascolumbretes.com\/nl\/wp-json\/wp\/v2\/types\/page"}],"author":[{"embeddable":true,"href":"https:\/\/lasislascolumbretes.com\/nl\/wp-json\/wp\/v2\/users\/3"}],"replies":[{"embeddable":true,"href":"https:\/\/lasislascolumbretes.com\/nl\/wp-json\/wp\/v2\/comments?post=1360"}],"version-history":[{"count":0,"href":"https:\/\/lasislascolumbretes.com\/nl\/wp-json\/wp\/v2\/pages\/1360\/revisions"}],"wp:attachment":[{"href":"https:\/\/lasislascolumbretes.com\/nl\/wp-json\/wp\/v2\/media?parent=1360"}],"curies":[{"name":"wp","href":"https:\/\/api.w.org\/{rel}","templated":true}]}}

<div class=\"wp-block-uagb-container uagb-block-kowwzdo7 alignfull uagb-is-root-container\"><div class=\"uagb-container-inner-blocks-wrap\">
<div class=\"wp-block-uagb-image alignleft uagb-block-gr6ti8lw wp-block-uagb-image--layout-default wp-block-uagb-image--effect-static wp-block-uagb-image--align-left\"><figure class=\"wp-block-uagb-image__figure\"><img srcset=\"https://lasislascolumbretes.com/en/wp-content/uploads/sites/7/2025/02/DSC01293-1024x527.jpg ,https://lasislascolumbretes.com/en/wp-content/uploads/sites/7/2025/02/DSC01293-scaled.jpg 780w, https://lasislascolumbretes.com/en/wp-content/uploads/sites/7/2025/02/DSC01293-scaled.jpg 360w\" sizes=\"(max-width: 480px) 150px\" src=\"https://lasislascolumbretes.com/nl/en/wp-content/uploads/sites/7/2025/02/DSC01293-1024x527.jpg\" alt=\"\" class=\"uag-image-1346\" width=\"564\" height=\"450\" title=\"DSC01293\" loading=\"lazy\" role=\"img\"/></figure></div>



<div class=\"wp-block-uagb-info-box uagb-block-zv2kfhzx uagb-infobox__content-wrap  uagb-infobox-icon-above-title uagb-infobox-image-valign-top\"><div class=\"uagb-ifb-content\"><div class=\"uagb-ifb-title-wrap\"><h2 class=\"uagb-ifb-title\"><strong>Volcanes en el Mediterráneo occidental</strong></h2></div><p class=\"uagb-ifb-desc\">El archipiélago de las Islas Columbretes se encuentra en el Mediterráneo occidental, a solo cincuenta kilómetros del puerto de Castellón, en la provincia homónima de la Comunidad Valenciana. Está compuesto por 24 islotes, divididos en cuatro grupos, cada uno de los cuales recibe el nombre de su islote principal. De norte a sur, estos son: Columbrete Grande (L\&#8217;Illa Grossa en valenciano), Perrera (Ferrera), Horadada (Foradada) y El Bergantín (El Carallot). La superficie emergida del archipiélago abarca 19 hectáreas.</p></div></div>
</div></div>

<p>Volcanes en el Mediterráneo occidentalEl archipiélago de las Islas Columbretes se encuentra en el Mediterráneo occidental, a solo cincuenta kilómetros del puerto de Castellón, en la provincia homónima de la Comunidad Valenciana. Está compuesto por 24 islotes, divididos en cuatro grupos, cada uno de los cuales recibe el nombre de su islote principal. De norte a sur, estos son: Columbrete Grande (L\&#8217;Illa Grossa en valenciano), Perrera (Ferrera), Horadada (Foradada) y El Bergantín (El Carallot). La superficie emergida del archipiélago abarca 19 hectáreas.</p>

<!-- This site is optimized with the Yoast SEO plugin v27.5 - https://yoast.com/product/yoast-seo-wordpress/ -->
<title>Las Islas - Las Islas Columbretes</title>
<meta name="description" content="El archipiélago de las Islas Columbretes se encuentra en el Mediterráneo occidental, a solo cincuenta kilómetros del puerto de Castellón" />
<meta name="robots" content="index, follow, max-snippet:-1, max-image-preview:large, max-video-preview:-1" />
<link rel="canonical" href="https://lasislascolumbretes.com/nl/las-islas-columbretes-2-2/" />
<meta property="og:locale" content="nl_NL" />
<meta property="og:type" content="article" />
<meta property="og:title" content="Las Islas - Las Islas Columbretes" />
<meta property="og:description" content="El archipiélago de las Islas Columbretes se encuentra en el Mediterráneo occidental, a solo cincuenta kilómetros del puerto de Castellón" />
<meta property="og:url" content="https://lasislascolumbretes.com/nl/las-islas-columbretes-2-2/" />
<meta property="og:site_name" content="Las Islas Columbretes" />
<meta name="twitter:card" content="summary_large_image" />
<meta name="twitter:label1" content="Geschatte leestijd" />
	<meta name="twitter:data1" content="1 minuut" />
<script type="application/ld+json" class="yoast-schema-graph">{"@context":"https:\/\/schema.org","@graph":[{"@type":"WebPage","@id":"https:\/\/lasislascolumbretes.com\/nl\/las-islas-columbretes-2-2\/","url":"https:\/\/lasislascolumbretes.com\/nl\/las-islas-columbretes-2-2\/","name":"Las Islas - Las Islas Columbretes","isPartOf":{"@id":"https:\/\/lasislascolumbretes.com\/nl\/#website"},"datePublished":"2025-02-17T16:40:13+00:00","description":"El archipiélago de las Islas Columbretes se encuentra en el Mediterráneo occidental, a solo cincuenta kilómetros del puerto de Castellón","breadcrumb":{"@id":"https:\/\/lasislascolumbretes.com\/nl\/las-islas-columbretes-2-2\/#breadcrumb"},"inLanguage":"nl-NL","potentialAction":[{"@type":"ReadAction","target":["https:\/\/lasislascolumbretes.com\/nl\/las-islas-columbretes-2-2\/"]}]},{"@type":"BreadcrumbList","@id":"https:\/\/lasislascolumbretes.com\/nl\/las-islas-columbretes-2-2\/#breadcrumb","itemListElement":[{"@type":"ListItem","position":1,"name":"Home","item":"https:\/\/lasislascolumbretes.com\/nl\/"},{"@type":"ListItem","position":2,"name":"Las Islas"}]},{"@type":"WebSite","@id":"https:\/\/lasislascolumbretes.com\/nl\/#website","url":"https:\/\/lasislascolumbretes.com\/nl\/","name":"Las Islas Columbretes","description":"Valencia","publisher":{"@id":"https:\/\/lasislascolumbretes.com\/nl\/#organization"},"potentialAction":[{"@type":"SearchAction","target":{"@type":"EntryPoint","urlTemplate":"https:\/\/lasislascolumbretes.com\/nl\/?s={search_term_string}"},"query-input":{"@type":"PropertyValueSpecification","valueRequired":true,"valueName":"search_term_string"}}],"inLanguage":"nl-NL"},{"@type":"Organization","@id":"https:\/\/lasislascolumbretes.com\/nl\/#organization","name":"Las Islas Columbretes","url":"https:\/\/lasislascolumbretes.com\/nl\/","logo":{"@type":"ImageObject","inLanguage":"nl-NL","@id":"https:\/\/lasislascolumbretes.com\/nl\/#\/schema\/logo\/image\/","url":"https:\/\/lasislascolumbretes.com\/nl\/wp-content\/uploads\/sites\/6\/2025\/02\/cropped-logo-IC-def-1.png","contentUrl":"https:\/\/lasislascolumbretes.com\/nl\/wp-content\/uploads\/sites\/6\/2025\/02\/cropped-logo-IC-def-1.png","width":181,"height":159,"caption":"Las Islas Columbretes"},"image":{"@id":"https:\/\/lasislascolumbretes.com\/nl\/#\/schema\/logo\/image\/"}}]}</script>
<!-- / Yoast SEO plugin. -->

El archipiélago de las Islas Columbretes se encuentra en el Mediterráneo occidental, a solo cincuenta kilómetros del puerto de Castellón
